 1. What is g(c)?
7
Let u(k) = k**3 + 3*k**2 + k - 2. Let r(y) = -3*y**3 - 7*y**2 - 2*y + 5. Let l(g) = 2*r(g) + 5*u(g). Calculate l(2).
-2
Suppose -c = -s + 2*s + 3, -4*s = -3*c - 2. Let i(n) = 5*n**2 + 5*n**2 - n**2. Determine i(s).
9
Let g(l) = -l**3 + 2*l**2 + l + 2. Let f = 1 - -5. Suppose 5*v + 2*i - 11 = 0, -3*i = -2*v - f*i. Calculate g(v).
-4
Let b(o) = o**2 - 7*o + 1. Let i be b(6). Let w(f) = -f - 6. What is w(i)?
-1
Let h be (-2)/(4/6) - -5. Let v(t) = -2 + 4 + t**2 + t**h - 3 + t**3. Give v(-2).
-1
Let n(o) be the second derivative of -1/6*o**3 + 0*o**2 - 1/12*o**4 + 0 - 4*o. Determine n(3).
-12
Let x(u) = 2*u**2 - 5*u + 3. Suppose 4*h = -18*h + 66. Determine x(h).
6
Let w = -1 + 2. Let k(i) = 0*i + i - 3*i**2 - 2*i - 1 + 3*i. What is k(w)?
-2
Let k(f) = -f**2 - 17*f. Let c be k(-17). Let z(g) be the second derivative of g**4/12 + 2*g**2 - g. What is z(c)?
4
Let n(a) = -a**2 + 12*a - 12. Let c be n(10). Suppose 0 = 2*m + 2*m - c. Let p = -6 + m. Let f(t) = t**3 + 4*t**2 - t + 2. What is f(p)?
6
Let r(y) = 3*y - 6. Let v be (-74)/(-14) + 2/(-7). What is r(v)?
9
Let r(f) be the first derivative of -f**2/2 - 9*f + 5. Suppose l + 4*b = -21, 5*b + 14 = -2*l + 4*b. Determine r(l).
-4
Let z = -22 - -20. Let m(n) = -n**3 - 3*n**2 - n + 1. What is m(z)?
-1
Let t(d) = -9*d**2 + 9*d - 34*d**3 + 35*d**3 - 13*d + 10. Determine t(9).
-26
Let m(i) = i**3 - i**2 + 15. Let c = -18 - -20. Suppose -6*t = -c*t. What is m(t)?
15
Suppose 24 = -h - 3*h. Let l(y) = -y - 3. Let w be l(h). Let d(q) = 3*q + 1 - w + q + q**2. Give d(-5).
3
Let s(w) be the third derivative of w**5/60 - w**3/6 + 2*w**2. Suppose -2*j + 3*j = -5*o - 3, -j + 3 = -o. Determine s(j).
3
Let c(l) be the second derivative of -l**3/6 + 2*l**2 - 46*l. Let h be (-21)/15 + (-2)/(-5). Let q be 2 - (-2 - (h - -1)). Determine c(q).
0
Let x(p) = -p**2 - 8*p - 4. Let s be x(-7). Suppose 5*u - 2 = 13. Let i(g) = -u*g**2 + 4*g**2 + 2 + 4*g - 5*g. Calculate i(s).
8
Let x(q) be the third derivative of 0 - 2*q**2 - 1/8*q**4 + 0*q + 1/6*q**3. Let h(z) = z**2 - 1. Let a be h(0). Give x(a).
4
Suppose 0 = 2*h - 2*g - 20, 3*h + 2*g - 38 = -3*g. Suppose 2*n - 5*t + h = 0, 5*t + 1 = -2*n - 0*t. Let c(j) = j**3 + 5*j**2 + 4*j - 1. Give c(n).
5
Let c(b) = 3*b - 12. Let o be c(6). Let w(g) = -g**2 + 8*g - 5. Give w(o).
7
Suppose 0 = 5*w + 2*h + 17, h + 4 = -w. Let b(m) = m**3 + 2*m**2 - 3*m - 3. What is b(w)?
-3
Let v = 23 - 20. Let z(y) = -y**3 + y**2 + 2*y. Give z(v).
-12
Let y = 1 - -1. Let p = -16 + 7. Let r be p/15 - y/5. Let v(o) = -9*o**2 - o. Calculate v(r).
-8
Let w(q) = q**3 - q**2 - q + 1. Let f(m) = 6*m**3 - 14*m**2 - 7*m + 17. Let k(p) = f(p) - 5*w(p). What is k(9)?
-6
Let p(b) = -3 + 5 + 3*b - b**2 + 0*b**2. Suppose 0*d = 7*d - 21. Determine p(d).
2
Let x(i) be the third derivative of -i**5/60 - i**4/12 + i**2. Let v = -43 - -39. Calculate x(v).
-8
Suppose -a - 21 = -5*a - 5*g, -2*a - 17 = -3*g. Let m be (2/a - 3)/1. Let x(r) = 5*r + 7. Let v(d) = -14*d - 20. Let o(t) = 4*v(t) + 11*x(t). Give o(m).
2
Let x(a) be the second derivative of a**5/20 + a**4/6 + a**3/3 + a**2 + 21*a. Determine x(-2).
-2
Let b be 4/3 - (-6)/9. Let k(l) = -4. Let r(j) = -j - 9. Let a(v) = b*r(v) - 5*k(v). Let p be (-1)/3 - (-20)/6. Determine a(p).
-4
Suppose 5*h = 21 - 1. Let r(d) = h + 0 + 1 - 3 - d. Give r(2).
0
Let w(p) = p**2 - 6*p. Let y be w(6). Let x(q) be the third derivative of 0*q + 0 - 1/60*q**5 + 2/3*q**3 + 4*q**2 + 1/24*q**4. Give x(y).
4
Suppose 4*y = 5*a + 21, 2*a - 5*y = -a - 23. Let b(w) = 9*w**2 + 2*w + 1. Give b(a).
8
Suppose -16*r + 12 = -13*r. Let f(g) = 4*g - 2 - 4*g + 4*g - 2. Determine f(r).
12
Let w(f) be the first derivative of f**4/4 + f**2/2 - 6*f - 3. Let v be (0 - 0/(-3))/2. Give w(v).
-6
Let a(j) = j**2 + 6*j + 7. Let m be a(-5). Let y = m + 0. Let q(t) = -t**2 + y*t - 2 - t + 0*t**2. Determine q(2).
-4
Let m(h) = -4*h - 2*h + 5*h + 6*h**2. Suppose -2*z + 6*z - 8 = 0. Suppose 0*c = -2*c - z. Calculate m(c).
7
Let l = 21 - 33. Let r be l/(-5) - 12/30. Let n(t) = -t**2 + t + 1. Determine n(r).
-1
Let u(z) = -2*z + 1. Let r be -1*2/4*-2. Suppose 3*t + d + 0*d = -7, -3*d = -2*t - r. Give u(t).
5
Let s be 27/(-5) - (-8)/20. Let l(x) = x**2 + 6*x - 2. Give l(s).
-7
Let u = 3 + -3. Let h(l) = -43*l**3 + u*l - l + 54*l**3 + 0*l. Calculate h(1).
10
Let q be -3*(-4)/4*1. Let d(p) = 4*p**q - 2 - 2 + 5 - p**2. Give d(1).
4
Suppose 0 = -3*l - 2*t + 9, -t - 6 = -2*l + 4*t. Let k(x) = -2*x - 5*x + 3*x - 4*x**l - 3 + 5*x**3. Determine k(-2).
-3
Suppose -2*z + 5*z + 18 = 0. Let r(n) be the second derivative of n**4/12 + 4*n**3/3 + 7*n**2/2 + 5*n. Determine r(z).
-5
Let f(u) = -33*u + 15*u - 1 + 16*u. What is f(-1)?
1
Let a(m) = -2*m**2 + 13*m. Let g(s) = s**2 - 7*s. Let h(y) = 6*a(y) + 11*g(y). Calculate h(2).
-2
Let n(x) = -8*x + x**2 - x**3 + 7*x - 5*x**2. Suppose -3*g + 12 - 45 = 0. Let q = 8 + g. What is n(q)?
-6
Let h = 13 + -7. Suppose -v + 4*v = h. Let y(r) = -r**3 - 6*r**2 + v + 2*r - 7*r + r. Calculate y(-5).
-3
Let z = -16 - -11. Let i(p) = -p**3 - 6*p**2 - 7*p. Give i(z).
10
Let w(v) = v**2 + v. Let k be w(1). Suppose 3 + 3 = k*u. Let s(m) = 0*m - 9 + 0*m + 2*m - u*m. Calculate s(0).
-9
Let t(l) = l**2 - 5*l - 5. Let g be t(6). Let c(j) = -1 + j**2 - g - 6*j + 4. Determine c(4).
-6
Let a(p) be the third derivative of p**5/60 - p**4/12 - p**3/6 + 2*p**2. What is a(5)?
14
Let d(v) = v**3 - 7*v**2 - v + 11. Let h(k) = -2*k**3 + 14*k**2 + k - 21. Let n(o) = 7*d(o) + 4*h(o). Determine n(6).
11
Let i(z) = 2*z - 1 - z**2 + 2*z**2 + 0*z**2. Let p = -25 + 26. What is i(p)?
2
Let w(v) = 32*v - 3. Let k(o) = 11*o - 1. Let m(l) = -17*k(l) + 6*w(l). Suppose -5*x = -10 - 5. Let b = x + -4. Determine m(b).
-6
Let q(n) = -2*n - 8. Let y be q(-6). Let u(m) = -5*m**2 + 0*m**2 - 3*m**2 + 2*m - m**3 + y*m**2. Give u(-4).
-8
Let p = -1 - 1. Let m(g) = 2*g - 6*g + 3*g. Give m(p).
2
Let b(w) = w**3 + 6*w**2 - 6*w + 1. Let r be -1*(8 + 2 + -3). Calculate b(r).
-6
Let i(t) = t**3 - 5*t**2 + 3*t. Let j(r) = -2*r - 22. Let l be j(-13). Give i(l).
-4
Let c(x) be the second derivative of x**3/6 - x**2 + 4*x. Calculate c(4).
2
Suppose j + 28 = -5*u, 2*u - j + 3*j = -16. Let m(f) = -f**2. Let t(k) = 6*k**2 + 4*k + 4. Let b(q) = -5*m(q) - t(q). Give b(u).
-9
Let n(t) = -t**3 + t**2 + 3*t + 3. Let s be (-3)/(4/(-12)*-3). Let y = s - -1. What is n(y)?
9
Let j(i) be the third derivative of -i**5/60 - i**4/3 - 5*i**3/3 - 23*i**2. What is j(-7)?
-3
Suppose 2*x = -0*x + 4. Let u(z) = 0 + 2 - z + 0*z - 1. What is u(x)?
-1
Let y(n) = 12*n**2 + n + 1. Let x = -56 - -55. Calculate y(x).
12
Let w(i) be the second derivative of -i**4/6 + i**3/6 + 14*i. Determine w(2).
-6
Suppose -5*j + 8 = 28. Let m(k) = k**2 + 4*k + 5. Determine m(j).
5
Let q(g) = -g + 2. Let w = 5 - 5. Let j be q(w). Let x(z) = 1 + j*z**3 + 0*z**3 + 0. Determine x(1).
3
Let x(t) = -t + 1. Let w be x(6). Let m(k) be the second derivative of 0 + 6*k + 1/6*k**3 + 2*k**2. Determine m(w).
-1
Let g(p) = 1. Let x(h) = -4*h**2 + 3*h - 4. Let v(a) = 4*g(a) + x(a). Determine v(2).
-10
Suppose -2*u = -2*a + 106, 66 = -5*u + 3*a - 195. Let d be (-2)/(-6) - (-425)/u. Let t(k) = -k - 11. Give t(d).
-3
Suppose -2*a = -4*j + 3*a + 11, 3*j = 5*a + 12. Let p(o) = o + 4. Let x(z) = -z + 1. Let b(n) = j*p(n) - 2*x(n). What is b(6)?
0
Let r(a) = -a - 31. Let i be r(-33). Let m(k) = k**3 + k**2. What is m(i)?
12
Let w(i) be the third derivative of i**6/120 - i**5/10 + i**3/2 + 8*i**2 + i. What is w(5)?
-22
Let i(q) = q - 6. Let r = 17 - 14. Give i(r).
-3
Suppose -2*d = -4*q - 0*d + 10, 2*q - 30 = -4*d. Suppose -s = -3*u - u - 58, 5*u = q*s - 65. Let k = 10 + u. Let y(l) = -l + 3. What is y(k)?
8
Let b = -58 + 47. Let h(t) = -t**2 - 11*t - 8. Calculate h(b).
-8
Let p(x) be the first derivative of -x**6/120 + x**5/12 - 7*x**4/24 + 2*x**3/3 + 2*x**2 + 7. Let c(i) be the second derivative of p(i). Calculate c(4).
-8
Let s(o) = o - 7. Let l be (-1 - -2)*-1 + 3. Suppose l*m = 4*z - 2, -2*z + 0*z + 3 = -3*m. Calculate s(z).
-7
Let m(f) = -9*f**3 + 2*f**2 - f. Suppose 0 = -i + 4*i - 3. Calculate m(i).
-8
Suppose -3 = -4*p - 5*v - 0, -4*p = 3*v + 3. Let g(l) = 2*l**2 - l - 4. Give g(p).
17
Let i(r) be the second derivative of -5*r**3/6 - 7*r**2/2 + 10*r. What is i(-5)?
18
Let n be (-2)/((6/(-45)